+ 25*t - 28. Determine p(11).
5
Let h(c) = c - 7. Determine h(-2).
-9
Let t(v) = v**3 + 6*v**2 + 5*v + 4. Determine t(-6).
-26
Let t(m) = -m**3 - 14*m**2 + 18*m + 21. Calculate t(-15).
-24
Let a(h) = h**3 + 9*h**2 + 4*h - 18. Determine a(-8).
14
Let g(v) = v**3 + 15*v**2 + 16*v + 16. Determine g(-14).
-12
Let l(p) = -p**3 - 13*p**2 - 14*p - 29. Give l(-12).
-5
Let y(u) = -10*u. Determine y(-5).
50
Let y(k) = -2*k**3 + 6*k**2 + 5*k - 13. Calculate y(3).
2
Let a(k) = -k**3 + 17*k**2 - 16*k + 1. Give a(16).
1
Let v(s) = 2*s**3 + 6*s**2 + 3*s + 45. Calculate v(-4).
1
Let h(l) = -152*l + 759. What is h(5)?
-1
Let p(k) = -2*k - 2. Calculate p(-5).
8
Let a(h) = h**3 - 11*h**2 + 10*h - 9. Determine a(10).
-9
Let q(y) = 22*y + 55. Give q(-5).
-55
Let k(w) = -w**3 + 12*w**2 - 18*w - 12. Give k(10).
8
Let w(i) = 21*i**3 + i**2 - 7*i - 9. Calculate w(-1).
-22
Let a(u) = -u**3 + 9*u**2 + 2*u - 19. Determine a(9).
-1
Let b(r) = -r**3 - 2*r**2 + 35. What is b(0)?
35
Let j(g) = -4*g - 5. Determine j(-1).
-1
Let v(f) = -f**3 + 16*f**2 + 15*f + 12. Calculate v(17).
-22
Let a(i) = 2*i**2 + 5*i + 9. Give a(-3).
12
Let s(j) = j**2 - 5*j - 12. What is s(7)?
2
Let o(r) = -r + 8. Give o(-20).
28
Let a(z) = z**3 - 8*z**2 - 10*z - 7. Give a(9).
-16
Let m(s) = s**2 - 4*s - 26. Calculate m(8).
6
Let h(d) = -13*d**3 + d**2 - 5*d + 3. Give h(1).
-14
Let v(p) = -2*p**2 - 43*p - 29. Calculate v(-17).
124
Let w(a) = -a**3 - 20*a**2 - 40*a - 62. Determine w(-18).
10
Let z(u) = -2*u**2 + 18*u + 10. Give z(10).
-10
Let x(s) = 3*s**3 + 58*s**2 + 19*s + 7. Give x(-19).
7
Let h(t) = -t**2 + 17*t - 7. What is h(16)?
9
Let o(v) = -v**2 - 8*v + 7. Give o(6).
-77
Let o(r) = 7*r. What is o(4)?
28
Let m(g) = -3*g**2 + 1. What is m(1)?
-2
Let r(q) = -14*q**2 - q - 3. Give r(2).
-61
Let a(j) = 5*j**2 + 7*j - 9. Determine a(-6).
129
Let c(z) = 3*z - 25. Give c(15).
20
Let a(t) = -t**3 - 2*t**2 - 3*t. Give a(4).
-108
Let h(a) = -10*a**2 + 122*a - 26. What is h(12)?
-2
Let w(n) = n + 7. Give w(-2).
5
Let c(k) = k - 45. Determine c(13).
-32
Let x(m) = -10*m + 9. Determine x(6).
-51
Let j(m) = -m - 13. Calculate j(-15).
2
Let r(p) = p**2 - 14*p - 17. Give r(14).
-17
Let r(a) = -54*a - 51. Give r(-1).
3
Let b(i) = 18*i + 112. Calculate b(-8).
-32
Let g(z) = -2*z**2 + 24*z - 24. Give g(11).
-2
Let l(q) = -q**3 - 42*q**2 + q + 49. Calculate l(-42).
7
Let i(f) = -4*f + 56. Calculate i(11).
12
Let f(a) = -a**3 - a**2 + 4*a - 5. Calculate f(-5).
75
Let s(i) = i**3 - 6*i**2 - 3*i - 2. Determine s(7).
26
Let h(o) = -8*o - 53. Give h(-8).
11
Let t(d) = 7*d + 13. Determine t(16).
125
Let g(q) = q**2 + 9*q - 4. Determine g(-10).
6
Let p(x) = x + 44. Give p(-7).
37
Let q(i) = -i**3 - 12*i**2 - 15*i. Give q(-11).
44
Let z(o) = -6*o + 2. Give z(-7).
44
Let m(i) = i**3 - 3*i**2 - 9*i - 1. Give m(5).
4
Let p(o) = -o**3 - 14*o**2 + 9*o - 19. Give p(-15).
71
Let x(i) = i**2 - 9*i + 14. What is x(8)?
6
Let s(h) = 59*h + 1422. What is s(-24)?
6
Let p(z) = z**3 - 22*z**2 + 66*z + 20. Calculate p(4).
-4
Let z(t) = -11*t + 248. Calculate z(22).
6
Let x(h) = -h**3 - 8*h**2 - 9*h - 8. What is x(-7)?
6
Let d(b) = b**3 - 9*b**2 - 1. What is d(9)?
-1
Let u(b) = b**2 - 7*b + 9. Determine u(6).
3
Let h(a) = a**2 - 11*a - 3. Give h(13).
23
Let m(i) = 52*i**3 - 2*i**2 + 1. Calculate m(1).
51
Let q(v) = v**3 - 7*v**2 - 12*v + 14. Calculate q(8).
-18
Let z(g) = 6*g**3 - 2*g - 1. What is z(-1)?
-5
Let o(k) = 6*k - 43. Calculate o(8).
5
Let y(v) = v**3 - 16*v**2 - v + 17. What is y(16)?
1
Let u(p) = p**3 - 6*p**2 - p + 5. What is u(6)?
-1
Let t(q) = q**3 + 2*q**2 - 14*q + 12. Give t(2).
0
Let w(s) = s**2 + 12. What is w(4)?
28
Let o(g) = 3*g + 36. Calculate o(13).
75
Let r(i) = 49*i - 46. Determine r(4).
150
Let a(f) = f**3 - 10*f**2 + 5*f + 5. Determine a(9).
-31
Let g(q) = q**3 - 11*q**2 - 12*q + 21. What is g(12)?
21
Let n(p) = -p**2 + 11*p + 55. What is n(14)?
13
Let d(l) = 2*l**2 + 11*l + 6. Calculate d(-5).
1
Let u(l) = l**3 - 7*l**2 + l - 20. Calculate u(7).
-13
Let d(x) = 10*x - 339. What is d(34)?
1
Let f(z) = z + 1. Calculate f(-1).
0
Let c(y) = -5*y**3 - y**2 + y + 2. What is c(-2)?
36
Let m(f) = -f + 3. What is m(12)?
-9
Let o(q) = -10*q + 61. Calculate o(6).
1
Let v(n) = -9*n - 274. What is v(-32)?
14
Let k(q) = -q**2 - 7*q - 8. Give k(-2).
2
Let g(j) = j**3 + 13*j**2 + 7*j - 62. What is g(-12)?
-2
Let b(s) = 23*s**2 + 17*s + 1. Calculate b(-1).
7
Let c(d) = -2*d**2 + 6*d + 8. What is c(3)?
8
Let x(f) = -f - 1. What is x(-1)?
0
Let f(p) = -p**3 + 5*p**2 + 2*p - 5. What is f(5)?
5
Let s(l) = -l**2 + 8*l + 9. Calculate s(7).
16
Let g(y) = 4*y - 5. What is g(1)?
-1
Let a(r) = -r**3 - 14*r**2 + 17*r. Determine a(-15).
-30
Let r(m) = m**3 + 11*m**2 - 5. Determine r(-11).
-5
Let u(d) = 61*d - 184. Give u(3).
-1
Let c(v) = -v**3 + 11*v**2 - 19*v + 7. Give c(9).
-2
Let j(k) = -k**3 - 56*k**2 - 109*k - 44. What is j(-54)?
10
Let h(p) = -8*p + 18. Determine h(12).
-78
Let j(o) = -o**2 - 11*o + 12. Give j(-8).
36
Let u(r) = -2*r**3 + r**2 + 5*r - 4. Give u(3).
-34
Let v(s) = 11*s. Give v(-1).
-11
Let a(l) = 8*l**2 + 19*l. Give a(-3).
15
Let p(n) = -n**3 + 18*n**2 + 3*n - 51. Calculate p(18).
3
Let d(m) = m. Determine d(9).
9
Let z(u) = -u**3 - 2*u + 1. Calculate z(2).
-11
Let x(k) = -7*k**2 + 3*k + 4. Determine x(-1).
-6
Let g(r) = -r + 12. Give g(-9).
21
Let f(u) = -u**2 + 14*u - 6. Calculate f(10).
34
Let v(u) = 4*u + 22. What is v(-9)?
-14
Let i(z) = -3*z + 13. What is i(-11)?
46
Let t(d) = -d**2 + 14. Calculate t(0).
14
Let g(r) = -21*r - 15. Calculate g(-7).
132
Let w(n) = n + 6. Give w(-5).
1
Let q(y) = y**3 - 6*y**2 - y - 6. Calculate q(6).
-12
Let x(f) = -f - 5. Determine x(12).
-17
Let a(n) = 8*n - 7. Determine a(4).
25
Let l(z) = -z**3 - 9*z**2 - 11*z - 21. Give l(-8).
3
Let z(u) = -4*u - 18. What is z(-6)?
6
Let m(p) = 3*p**2 + 5*p - 12. Give m(-2).
-10
Let n(g) = -g**3 - 14*g**2 + 30*g - 11. Give n(-16).
21
Let u(c) = 4*c + 6. Determine u(-10).
-34
Let c(m) = 2*m**2 - 4*m + 1. Calculate c(3).
7
Let f(x) = -x**3 + 4*x**2 + 14*x - 5. What is f(6)?
7
Let w(a) = a**3 - 14*a**2 + 33*a - 12. Determine w(11).
-12
Let d(j) = -j**3 + 9*j**2 + 6*j - 9. Calculate d(10).
-49
Let v(y) = -y**2 - 28*y - 23. Give v(-27).
4
Let h(a) = -4*a + 13. Determine h(6).
-11
Let v(j) = -j**3 + 11*j**2 - 9*j + 13. What is v(10)?
23
Let a(r) = 29*r**3 - 2*r + 1. Give a(1).
28
Let b(o) = 32*o + 134. Calculate b(-4).
6
Let k(n) = -3*n + 20. Give k(8).
-4
Let g(v) = -38*v - 13. Determine g(-3).
101
Let m(w) = w**3 + 12*w**2 - 3*w - 24. Calculate m(-12).
12
Let i(p) = p**2 - 11*p. Determine i(10).
-10
Let p(b) = b**3 + 11*b**2 + 10*b - 25. Determine p(-10).
-25
Let z(k) = -k**2 + 20*k - 111. What is z(11)?
-12
Let k(w) = -w**3 + 21*w**2 - 2*w + 37. Determine k(21).
-5
Let i(v) = -v**2 + 29*v + 79. Determine i(31).
17
Let n(m) = -2*m**3 - 31*m**2 - 15*m + 4. What is n(-15)?
4
Let y(o) = o**3 - 9*o**2 - 8*o - 13. Determine y(10).
7
Let x(k) = k**2 + 79*k + 158. What is x(-2)?
4
Let g(l) = l**2 + 52*l + 384. Give g(-43).
-3
Let y(u) = -u**2 - u + 3. What is y(-3)?
-3
Let g(o) = o**3 - 6*o**2 - 19*o + 30. Calculate g(8).
6
Let d(f) = 9*f - 224. What is d(24)?
-8
Let k(d) = -2*d + 12. Determine k(0).
12
Let f(g) = g**3 + g**2 - 15. Give f(0).
-15
Let o(m) = m**3 - 4*m**2 - 4*m + 2. Calculate o(4).
-14
Let r(u) = -u**3 - 27*u**2 - 26*u + 3. Calculate r(-26).
3
Let q(w) = -w**2 - 21*w + 74. Give q(-24).
2
Let u(h) = 24*h**3 + 4*h - 5. Give u(1).
23
Let f(k) = -k**2 + 8*k - 17. Calculate f(7).
-10
Let m(c) = -4*c - 128. Determine m(-35).
12
Let j(a) = 6*a**2 + 108*a + 3. What is j(-18)?
3
Let u(r) = -r**3 + r**2 + 2*r - 1. Calculate u(2).
-1
Let r(d) = d**2 + 58*d + 314. Calculate r(-52).
2
Let k(c) = c**3 + 2*c**2 + 4*c. What is k(-4)?
-48
Let f(c) = c**2 + 6*c - 18. Determine f(-9).
9
Let f(k) = 20*k - 65. Determine f(9).
115
Let l(j) = -j**2 + 2*j - 2. Determine l(-4).
-26
Let t(z) = -z**2 + 9*z + 24. What is t(11)?
2
Let q(b) = 42*b + 178. Calculate q(-4).
10
Let q(x) = -2*x + 47. Give q(23).
1
Let p(l) = l**3 + 8*l**2 - l - 5. Determine p(-8).
3
Let x(p) = -p**2 - 11*p + 3. What is x(-7)?
31
Let s(h) = 2*h**3 + 11*h**2 + 3*h - 8. Calculate s(-5).
2
Let u(j) = -j**3 - 6*j**2 + 2*j - 16. What is u(-7)?
19
Let u(d) = d**2 - 5*d + 1. Give u(8).
25
Le